{"id":76,"date":"2018-12-05T13:33:19","date_gmt":"2018-12-05T12:33:19","guid":{"rendered":"https:\/\/dinoanimals.pl\/odkrycia\/?page_id=76"},"modified":"2018-12-05T13:38:45","modified_gmt":"2018-12-05T12:38:45","slug":"o-serwisie","status":"publish","type":"page","link":"https:\/\/dinoanimals.pl\/odkrycia\/o-serwisie\/","title":{"rendered":"O serwisie"},"content":{"rendered":"<h1>Odkrycia DinoAnimals<\/h1>\n<p>Zapraszamy Was do nowego serwisu <strong><a href=\"\/odkrycia\" target=\"_blank\" rel=\"noopener\">Odkrycia DinoAnimals<\/a>.<\/strong> Serwis powsta\u0142 z inicjatywy <a href=\"\/blogi\/shahen\/\" target=\"_blank\" rel=\"noopener\">Krzysztofa Stuchlika (Shahen)<\/a>, kt\u00f3ry zaproponowa\u0142 stworzenie kalendarium odkry\u0107 paleontologicznych. Postanowili\u015bmy nieco rozszerzy\u0107 formu\u0142\u0119 i doda\u0107 r\u00f3wnie\u017c inne odkrywane gatunki, tak\u017ce wsp\u00f3\u0142czesne.<\/p>\n<p>Jak zapewne wiecie, dotychczas nie prowadzili\u015bmy serwisu newsowego, wymaga to bowiem codziennej sta\u0142ej pracy a nasz zesp\u00f3\u0142 jest niestety zbyt ma\u0142y aby temu podo\u0142a\u0107, ka\u017cdego dnia poza praca zawodow\u0105, opracowujemy dla Was nowe artyku\u0142y.<\/p>\n<p>Shahen zaproponowa\u0142, \u017ce poprowadzi taki serwis i odci\u0105\u017cy nas czasowo od tego zadania. Na ile znajdzie czas, zobaczymy &#8211; wiemy bowiem, \u017ce to wymagaj\u0105ce przedsi\u0119wzi\u0119cie dla jednej osoby.<\/p>\n<p>Sam serwis dopiero si\u0119 rodzi i ostateczny kszta\u0142t zapewne zostanie mu nadany na przestrzeni najbli\u017cszych miesi\u0119cy. Jego ide\u0105 jest kr\u00f3tkie przybli\u017cenie, w postaci notki, nowych odkry\u0107 w \u015bwiecie zwierz\u0105t. Nie b\u0119d\u0105 to wi\u0119c obszerne opracowania, kt\u00f3re prezentujemy w g\u0142\u00f3wnym serwisie, tylko kr\u00f3tka informacja o nowym odkryciu. Czy taka forma b\u0119dzie Wam odpowiada\u0142a i czy serwis oka\u017ce si\u0119 przydatny dla os\u00f3b \u015bledz\u0105cych nowe odkrycia, czas poka\u017ce.<\/p>\n<p>Wszelkie sugestie i komentarze z Waszej strony mile widziane. Je\u015bli po\u015br\u00f3d naszych sta\u0142ych czytelnik\u00f3w s\u0105 osoby, kt\u00f3re chcia\u0142by wsp\u00f3lnie z Shahenem wsp\u00f3\u0142tworzy\u0107 ten serwis i pisa\u0107 o najnowszych odkryciach, zapraszamy do <a href=\"http:\/\/dobresciagi.pl\/kontakt_\/\" target=\"_blank\" rel=\"noopener\">kontaktu<\/a>. Fajnie by\u0142oby aby\u015bmy wsp\u00f3lnie tworzyli r\u00f3\u017cne rozwi\u0105zania, im jest nas wi\u0119cej, tym bardziej warto\u015bciowe rzeczy mo\u017cemy zrobi\u0107.<\/p>\n<p><strong>Redakcja<\/strong><br \/>\n<strong>DinoAnimals<\/strong><\/p>\n","protected":false},"excerpt":{"rendered":"<p>Odkrycia DinoAnimals Zapraszamy Was do nowego serwisu Odkrycia DinoAnimals. Serwis powsta\u0142 z inicjatywy Krzysztofa Stuchlika (Shahen), kt\u00f3ry zaproponowa\u0142 stworzenie kalendarium odkry\u0107 paleontologicznych. Postanowili\u015bmy nieco rozszerzy\u0107 formu\u0142\u0119 i doda\u0107 r\u00f3wnie\u017c inne odkrywane gatunki, tak\u017ce wsp\u00f3\u0142czesne. Jak zapewne wiecie, dotychczas nie prowadzili\u015bmy serwisu newsowego, wymaga to bowiem codziennej sta\u0142ej pracy a nasz zesp\u00f3\u0142 jest niestety zbyt ma\u0142y &hellip;<\/p>\n","protected":false},"author":1,"featured_media":77,"parent":0,"menu_order":0,"comment_status":"closed","ping_status":"closed","template":"","meta":[],"_links":{"self":[{"href":"https:\/\/dinoanimals.pl\/odkrycia\/wp-json\/wp\/v2\/pages\/76"}],"collection":[{"href":"https:\/\/dinoanimals.pl\/odkrycia\/wp-json\/wp\/v2\/pages"}],"about":[{"href":"https:\/\/dinoanimals.pl\/odkrycia\/wp-json\/wp\/v2\/types\/page"}],"author":[{"embeddable":true,"href":"https:\/\/dinoanimals.pl\/odkrycia\/wp-json\/wp\/v2\/users\/1"}],"replies":[{"embeddable":true,"href":"https:\/\/dinoanimals.pl\/odkrycia\/wp-json\/wp\/v2\/comments?post=76"}],"version-history":[{"count":0,"href":"https:\/\/dinoanimals.pl\/odkrycia\/wp-json\/wp\/v2\/pages\/76\/revisions"}],"wp:featuredmedia":[{"embeddable":true,"href":"https:\/\/dinoanimals.pl\/odkrycia\/wp-json\/wp\/v2\/media\/77"}],"wp:attachment":[{"href":"https:\/\/dinoanimals.pl\/odkrycia\/wp-json\/wp\/v2\/media?parent=76"}],"curies":[{"name":"wp","href":"https:\/\/api.w.org\/{rel}","templated":true}]}}